ue
Is 15788231 composite?
False
Is 1077269 a prime number?
False
Is 212941 prime?
False
Is 337463759 prime?
True
Is 585349 a prime number?
False
Is 156244763 prime?
True
Is 32854813 a prime number?
False
Is 16664317 prime?
True
Is 30133123 a prime number?
True
Is 197973101 prime?
True
Is 493738279 prime?
False
Is 10900921 composite?
True
Is 93811255 a composite number?
True
Is 1187378 prime?
False
Is 26920771 a prime number?
False
Is 28046143 composite?
False
Is 10798421 prime?
True
Is 474462617 prime?
False
Is 3444299 a prime number?
True
Is 31937693 a prime number?
True
Is 167083 composite?
True
Is 1415567 prime?
True
Is 1120391 a prime number?
True
Is 9567839 a prime number?
False
Is 5545939 composite?
True
Is 283369 composite?
False
Is 869947571 a prime number?
True
Is 492571883 prime?
False
Is 46860259 a prime number?
False
Is 166090439 a prime number?
True
Is 21800393 composite?
True
Is 2088223 prime?
False
Is 12768391 a composite number?
True
Is 2187635 composite?
True
Is 6719809 a prime number?
True
Is 2282759 a prime number?
True
Is 2492051 composite?
False
Is 3519011 a composite number?
True
Is 9746447 a composite number?
False
Is 32620943 composite?
True
Is 2340233 composite?
True
Is 23508853 prime?
False
Is 48847427 prime?
False
Is 1316503 composite?
True
Is 578835853 composite?
True
Is 1160995735 prime?
False
Is 26506817 a composite number?
True
Is 31418041 a composite number?
False
Is 501295927 a composite number?
True
Is 129964889 a prime number?
True
Is 3040469 a composite number?
False
Is 191130319 a prime number?
True
Is 50743109 a composite number?
True
Is 167158601 prime?
False
Is 79470905 a prime number?
False
Is 222558691 prime?
False
Is 44399617 a prime number?
True
Is 17205263 a prime number?
False
Is 1481833 composite?
True
Is 398503487 composite?
False
Is 1589953 prime?
False
Is 559177 composite?
False
Is 5659871 prime?
False
Is 908027 prime?
False
Is 502729 a composite number?
False
Is 12288383 prime?
False
Is 10661113 composite?
True
Is 74186287 a prime number?
False
Is 86657 composite?
True
Is 123212431 composite?
True
Is 2189783 prime?
True
Is 351314023 composite?
False
Is 168895681 prime?
False
Is 2742265 prime?
False
Is 3759509 prime?
False
Is 22222487 a prime number?
False
Is 53270939 composite?
True
Is 1064867 a composite number?
False
Is 10249247 prime?
True
Is 4137553 a composite number?
True
Is 21786109 a composite number?
False
Is 49629091 a prime number?
True
Is 199711217 composite?
True
Is 28438097 prime?
False
Is 14585899 prime?
True
Is 1228837 a prime number?
True
Is 711694897 prime?
True
Is 831469 a prime number?
False
Is 168013 composite?
False
Is 20094907 a composite number?
True
Is 1211381 a prime number?
True
Is 2101357 a composite number?
False
Is 12156197 a prime number?
True
Is 674437 composite?
True
Is 120608299 a composite number?
True
Is 3318449 composite?
False
Is 34076771 prime?
False
Is 107796697 a composite number?
False
Is 75272009 prime?
True
Is 822436378 prime?
False
Is 31850743 a composite number?
False
Is 64388111 prime?
False
Is 392283127 composite?
False
Is 3685111 composite?
False
Is 15999983 composite?
False
Is 51376667 a prime number?
True
Is 296636433 composite?
True
Is 27738109 composite?
True
Is 12799957 composite?
False
Is 59938799 prime?
True
Is 1226187839 a composite number?
False
Is 6442823 a composite number?
True
Is 2320259 a prime number?
True
Is 80164057 composite?
True
Is 872057 prime?
True
Is 315149469 prime?
False
Is 98594039 a prime number?
True
Is 1307393 a composite number?
False
Is 480531017 a prime number?
True
Is 13584163 a composite number?
False
Is 48851111 a prime number?
True
Is 162647077 a composite number?
False
Is 2346137 prime?
True
Is 164556718 composite?
True
Is 139119421 composite?
True
Is 21630659 composite?
False
Is 229839691 a composite number?
False
Is 24094583 a prime number?
False
Is 13430671 a composite number?
False
Is 3705818 a prime number?
False
Is 78663219 a prime number?
False
Is 8347949 composite?
True
Is 9957931 a prime number?
False
Is 1685087 a prime number?
True
Is 2220887 a prime number?
True
Is 1072769419 a prime number?
True
Is 4356661 prime?
True
Is 1916557 composite?
True
Is 511653 composite?
True
Is 9684133 composite?
False
Is 414991697 a prime number?
True
Is 93859001 a composite number?
True
Is 830831 prime?
False
Is 52732291 a composite number?
True
Is 155638121 a composite number?
False
Is 5331637 composite?
False
Is 479700059 composite?
False
Is 13829941 prime?
False
Is 4653491 a prime number?
True
Is 22085731 composite?
False
Is 683401 composite?
False
Is 56691443 a composite number?
False
Is 4227449 prime?
False
Is 3865405 prime?
False
Is 27156653 a composite number?
False
Is 35156021 composite?
False
Is 17163569 prime?
True
Is 41647409 composite?
False
Is 3979133 prime?
True
Is 10800109 prime?
True
Is 1793417 prime?
True
Is 70091719 a prime number?
False
Is 5721998 composite?
True
Is 1709933 a prime number?
True
Is 1330093 a composite number?
False
Is 9069941 composite?
False
Is 442697 composite?
True
Is 449857459 a prime number?
True
Is 37189967 a composite number?
False
Is 1449779 a composite number?
False
Is 25092409 a prime number?
True
Is 23892397 prime?
True
Is 383593651 prime?
False
Is 537941 prime?
True
Is 5538023 prime?
False
Is 10653989 prime?
True
Is 5018939 prime?
False
Is 1137583 composite?
True
Is 14288497 prime?
False
Is 398785 a composite number?
True
Is 381546133 prime?
False
Is 15938383 a prime number?
True
Is 146334999 a composite number?
True
Is 51022643 a composite number?
True
Is 99713617 prime?
False
Is 3321229 prime?
True
Is 6474593 composite?
True
Is 1086331313 prime?
True
Is 978722 prime?
False
Is 32196463 a prime number?
False
Is 435419 a prime number?
True
Is 866051 prime?
True
Is 1516357 prime?
True
Is 153181663 prime?
False
Is 50311409 a prime number?
True
Is 1202077 a composite number?
False
Is 483132329 a composite number?
False
Is 9622713 prime?
False
Is 313376959 a composite number?
True
Is 3763847 prime?
False
Is 36851873 a prime number?
True
Is 42555907 composite?
False
Is 10095937 a composite number?
False
Is 7582489 prime?
True
Is 24806149 prime?
False
Is 2125313 composite?
False
Is 5618579 a composite number?
False
Is 1693129 composite?
False
Is 1927621 a prime number?
False
Is 2938847 a composite number?
True
Is 226056937 prime?
False
Is 5465527 prime?
True
Is 940339 a prime number?
False
Is 25882079 a composite number?
False
Is 78747211 a composite number?
True
Is 1191153 a composite number?
True
Is 2544121 prime?
True
Is 235864985 prime?
False
Is 26018417 composite?
False
Is 179228713 composite?
False
Is 13455203 a composite number?
True
Is 93664861 prime?
False
Is 24592991 a composite number?
False
Is 713426261 composite?
False
Is 27293479 a prime number?
False
Is 440717 composite?
False
Is 151812447 prime?
False
Is 527159 prime?
True
Is 110481043 a prime number?
True
Is 34165651 composite?
True
Is 469805027 prime?
False
Is 15404063 a prime number?
True
Is 2959471 composite?
True
Is 111697 composite?
False
Is 4449691 composite?
False
Is 18516523 prime?
False
Is 156148037 a prime number?
True
Is 29659697 a prime number?
True
Is 3036263 a prime number?
False
Is 20938919 composite?
True
Is 5328593 composite?
True
Is 108081881 a prime number?
True
Is 360527 a composite number?
True
Is 145993 composite?
True
Is 162455 composite?
True
Is 1483231 prime?
True
Is 41185171 a prime number?
True
Is 4552519 prime?
True
Is 80604457 prime?
True
Is 18637601 a composite number?
True
Is 6095581 prime?
True
Is 3367249 a composite number?
True
Is 29776039 a composite number?
True
Is 716359 composite?
True
Is 418061 prime?
False
Is 1152433 prime?
False
Is 281326301 composite?
False
Is 8847023 composite?
False
Is 9707399 prime?
False
Is 99719231 a composite number?
True
Is 2500363 a prime number?
True
Is 3832187 a composite number?
True
Is 4087829 a prime number?
True
Is 32531 composite?
False
Is 100535177 a composite number?
True
Is 3792629 prime?
True
Is 742607 prime?
True
Is 27682573 a composite number?
False
Is 20235779 a prime number?
False
Is 707809 prime?
False
Is 21268621 a prime number?
False
Is 41126191 composite?
False
Is 63225923 a prime number?
True
Is 33018787 prime?
False
Is 